*2 + 6 + 3*z - 1 + 2*z. What is j(s)?
1
Let t(v) = -3*v + 4. Let o(r) be the second derivative of 4*r**3/3 - 6*r**2 - r. Suppose -2*x - 12 = x. Let i(k) = x*o(k) - 11*t(k). What is i(-5)?
-1
Let g(w) be the third derivative of -w**6/720 - w**5/40 + w**4/24 + 3*w**2. Let z(p) be the second derivative of g(p). Give z(3).
-6
Let l = -5 - 0. Let d(f) be the first derivative of 3/2*f**2 - 1 - 1/4*f**4 - 4/3*f**3 - 3*f. Determine d(l).
7
Let a be -3*16/(-12) + 2. Let o(w) = -w - 2. Give o(a).
-8
Let a(w) be the second derivative of 0 - w + 0*w**2 - 1/6*w**3. Let p = 72 + -67. Calculate a(p).
-5
Let b(j) be the third derivative of j**9/60480 + j**8/5040 + j**7/5040 - j**6/240 + j**5/20 - j**2. Let q(a) be the third derivative of b(a). Give q(-3).
3
Let w(q) = q**3 + 3*q**2 - 4*q - 3. Let u(s) = s**2 - 3*s - 6. Let m be u(6). Suppose -t + m = 3*t. Suppose -t*j = j + 12. Calculate w(j).
9
Let o(u) = u - 3*u + u. Suppose -5*r + 32 - 7 = 0. Suppose r*l - q = -6*q + 20, -2*q + 8 = -3*l. What is o(l)?
0
Let j = -2 - -3. Let m(l) = 4*l - 1. Let f(t) = 3*t - 1. Let c(k) = k**2 + 2*k - 4. Let h be c(-4). Let r(g) = h*m(g) - 5*f(g). Calculate r(j).
2
Let u(f) = 0*f**3 + f**3 + 0*f - f + 1. Let m = -2 + 4. Suppose 3*r + 2*p + 2 = 0, -m*r = r - 3*p + 12. Determine u(r).
-5
Let u(m) be the first derivative of -2/3*m**3 - 1/120*m**6 - 3/2*m**2 + 1/24*m**4 - 3 + 0*m - 1/20*m**5. Let b(t) be the second derivative of u(t). Give b(-3).
-7
Suppose 0*s + s = 0. Suppose -4*l + l + 6 = s. Let k(h) = h - 4*h**2 + h + 0*h. Give k(l).
-12
Let f(b) = 1. Let m(s) = s - 11. Let x(y) = 4*f(y) + m(y). Determine x(9).
2
Suppose 0 = 43*v - 50*v + 7. Let x(u) = -10*u - 1. Give x(v).
-11
Let x(o) = 6*o - 5. Let p = -6 + 1. Let v = 14 - 18. Let s(n) = -5*n + 4. Let u(q) = p*s(q) + v*x(q). Determine u(5).
5
Let r be (-6)/4 + (-1)/(-2). Let c(q) = 9*q**3 + q**2. Calculate c(r).
-8
Let g(m) = -m + 3. Let v(y) = -2*y + 6. Let p(f) = -9*g(f) + 4*v(f). What is p(7)?
4
Suppose 7*j - 11*j + 16 = 0. Let n(t) be the second derivative of -t**4/12 + 2*t**3/3 - 3*t**2 - t. Determine n(j).
-6
Let y(f) = 2*f**3 - 4*f**2 + 3*f + 4. Let u(s) = -s**3 - s**2 - s. Let g(l) = -3*u(l) - y(l). Calculate g(-7).
-4
Let y(g) = 28 + 5*g - 64 + 34. What is y(2)?
8
Let n(t) = t + 4. Let w be n(-5). Let k(d) = 8*d - 1. Let z(r) = 15*r - 2. Let p(j) = 7*k(j) - 4*z(j). Determine p(w).
5
Let k(y) be the third derivative of -11*y**6/120 - 3*y**5/20 + 7*y**3/6 + 2*y**2. Let x(n) = -5*n**3 - 4*n**2 + 3. Let o(z) = -4*k(z) + 9*x(z). Give o(0).
-1
Let g(x) = 8*x. Let o be 1/(-2)*(-4)/1. Let f = 5 - 2. Let w = f - o. Calculate g(w).
8
Let u(r) = 4*r - 2. Let d(j) = -2*j**2 + 4*j - 2. Let g be d(2). Let a be 2 - (2 - (g + 4)). Determine u(a).
6
Let h(q) = -4*q + 1. Suppose 2*i - 2*x - 9 = 3*i, -5*x = -5*i. What is h(i)?
13
Let y be ((-6)/(-8))/((-1)/4). Let i(k) be the third derivative of 0*k + 5/24*k**4 + 1/3*k**3 + 0 + 1/30*k**5 + 3*k**2. Calculate i(y).
5
Let x be (-3)/15 + (-6)/(-5). Let u = 10 - x. Suppose -4*h - u = -1. Let q(y) = y**3 + 4*y**2 + y - 2. Determine q(h).
4
Let k(t) = -t**3 + 4*t**2 - 2*t - 2. Let c be k(2). Let n(g) = -g**3 + 2*g - 1. What is n(c)?
-5
Let l(h) = h + 1. Let n = -274 - -134. Let d be 2/3 - n/(-30). Determine l(d).
-3
Let k(m) = -m**2 - 3*m + 4. Let f(n) be the third derivative of 0*n + 5/6*n**3 - 1/8*n**4 - 1/60*n**5 + 0 - 2*n**2. Let q be f(-5). Calculate k(q).
-6
Let p = -3 + 6. Let d(b) = -b**3 + 0*b**2 + b**2 + b + 2 + b**2. What is d(p)?
-4
Let q(g) = -3*g - 6. Let n(t) = 5*t - 41. Let h be n(7). Give q(h).
12
Let p(z) = -2*z + 2. Let j = 5 + -7. Let m = j - 3. What is p(m)?
12
Let u(n) be the second derivative of -n**5/20 + n**2 - 9*n. What is u(2)?
-6
Let v(p) be the first derivative of p**4/12 - 3*p**2 - 9*p + 2. Let c(i) be the first derivative of v(i). Determine c(0).
-6
Let r be 1/2*-6 - 1. Let q(b) = b**3 - b + 3 + 3*b**2 + b - 2 - 3*b. Calculate q(r).
-3
Let s(j) = 2*j - 4. Let i = -10 - -10. Let t(r) = -r**3 - 4*r**2 - 2*r - 5. Let c be t(-4). Let w = i + c. What is s(w)?
2
Suppose 0 = -3*z - 10 + 28. Let c(y) = -3*y + 5*y - 3*y. Determine c(z).
-6
Let h be (-1*(-1)/(-1))/((-4)/(-20)). Let s(l) = l + 3. What is s(h)?
-2
Let i(a) = -4*a**2 - a - 1. Suppose 32 = -4*o - 16. Let h = 11 + o. Determine i(h).
-4
Let l(y) = 2*y**2 - 2*y**2 + 1 + 6*y**3 - 3*y**3 - y**2. Let a be l(-1). Let d(o) = o**3 + 3*o**2 - 3*o - 4. Give d(a).
5
Let g(h) = -2*h - 9. Let i be g(-7). Let z(c) = 1 + 3*c + i*c - 2. Let q = 2 + -1. Calculate z(q).
7
Suppose 3*s = -0 + 9. Suppose s*w = 7*w. Let f(b) = -b**2 + 1. Determine f(w).
1
Let r(l) be the third derivative of -l**4/24 - 5*l**3/6 - 8*l**2 - 1. Give r(-6).
1
Suppose 4*r = -r + 10. Suppose -5*o + 2*q - q = 20, -r*q + 4 = 2*o. Let y(m) = -m. What is y(o)?
3
Let t(i) = 11 + 3*i - 3*i + 2*i**2 - 8 - 7*i. Determine t(5).
18
Let y = 31 + -20. Suppose -y = -4*r + 5. Let m(s) = s**2 + s + 3. Let p(j) = -2*j**2 - j - 5. Let h(d) = -7*m(d) - 4*p(d). What is h(r)?
3
Let z(w) = 6*w - 1. Suppose k + 4*g - 19 = 0, -5*k + 0*k + 3*g - 20 = 0. Let j = -6 + 4. Let t = j - k. Calculate z(t).
-7
Let q(s) = -s + 7. Let v be q(5). Let c(x) = -1. Let p(i) = 2*i - 2. Let z(b) = -c(b) - p(b). What is z(v)?
-1
Suppose 3*a = a - 4. Let p be (-1)/(-2) + 1/a. Suppose -5*d + 3 + 2 = p. Let j(i) = -i. Calculate j(d).
-1
Suppose -2*z = -z - 2. Let h(o) = -4*o + o**2 + 0*o**2 + z - 1. Suppose -5*v + 33 = 2*y, -4*v + 21 = -3*v + 4*y. Calculate h(v).
6
Let q(w) = 5*w**2 + 2*w + 1. Let z = -95 - -94. What is q(z)?
4
Let k(n) = 2*n. Let l(j) = -2. Let w(x) = 1. Let h(p) = -2*l(p) - 5*w(p). Let d(o) = 3*h(o) - k(o). What is d(4)?
-11
Let v(s) = -s - 5. Let n be v(-7). Let l(j) = n - 4 - 1 + j. Suppose 8 = 4*r, -h + 0*h + 5 = r. What is l(h)?
0
Let s(q) be the first derivative of -3/2*q**2 + 7*q + 8. Suppose 0 = 2*u - j - 2*j - 16, 28 = 4*u - 4*j. What is s(u)?
-8
Let a(c) = -c + 7. Let j be -7 + 16 - (1 + 2). Determine a(j).
1
Suppose 0*n - 5*n = -25. Suppose -3*y - 18 = -3*t - 6, 26 = y + 5*t. Let a(l) = -2*l - l**2 - y + 4 + n*l. What is a(-2)?
-7
Let y(w) = -w**2 + 2*w + 4. Let l(x) = x**2 + 4*x + 2. Let z be l(3). Let h = z - 20. Calculate y(h).
1
Suppose 4*m = 3*m + 2. Suppose 2*x = -m*x. Let g(l) = -l**3 - l**2 + l - 6. Give g(x).
-6
Let l = 0 + -3. Let p(t) be the second derivative of t**4/24 + 5*t**3/6 - t**2/2 + t. Let c(n) be the first derivative of p(n). Determine c(l).
2
Let p = -5 - -5. Suppose p = -4*y + 5*r + 8, 3*r = -0*r. Suppose g + y*g = -6. Let c(f) = -3*f**2 - 4*f - 2. What is c(g)?
-6
Let x(l) = -l**3 + 0*l + 297 - 300 + 3*l. What is x(2)?
-5
Let w(s) = -3*s**2 + 2*s**2 + 8*s + 5*s**2 - 6 - 5*s**2. Calculate w(7).
1
Let x(j) = -2*j**2 - 12*j + 9. Let d(t) = t**2 + 6*t - 4. Let p(y) = -5*d(y) - 2*x(y). Let w = 5 - 1. Suppose 4*o - 14 = 6*o - w*r, -2*o + 5*r = 15. Give p(o).
7
Let f(i) = -i**3 + 4*i**2 + 7*i - 6. Let a(c) = -c**2 - 7*c - 5. Let z(n) = -n + 7. Let g be z(5). Suppose -10 = -0*h + g*h. Let y be a(h). Give f(y).
4
Suppose 2 = 5*d - 13. Suppose 0*k = d*k - 6. Let c(s) = -2*s + 15. Let x(h) = -h + 5. Let z(n) = k*c(n) - 7*x(n). Determine z(4).
7
Let a(f) = -10*f - 8 + f**3 - 4*f + 5*f + 5*f**2. Let l be (-10)/4*120/50. Give a(l).
10
Let c(s) be the second derivative of 2*s**3/3 + 6*s**2 - 32*s. What is c(-5)?
-8
Suppose -4*u - 4 = 3*h + 3, -3*u = 5*h + 19. Let n(m) = -u - 4*m**2 + m**2 - 2*m + 4*m + 4*m**2. Determine n(-3).
1
Let o(g) = 2*g**2 + 1. Let i(d) = 9*d**2 + 3*d + 6. Let u(k) = -i(k) + 4*o(k). Let m(l) = l + 1. Let p be m(-4). Calculate u(p).
-2
Let z(q) = -3*q**2 - 4*q. Let d(x) = 6*x**2 + 9*x. Let p(j) = 6*d(j) + 13*z(j). Give p(2).
-8
Let i(z) = -15*z**2 + 5*z - 4. Let u(x) = 8*x**2 - 3*x + 2. Let j(m) = -6*i(m) - 11*u(m). Give j(-3).
11
Let u be (9/6 - 0)/((-9)/(-12)). Let l(i) = 5*i**2 - 1 + 2*i - i**2 + 0*i**2 - i**3. Calculate l(u).
11
Let r = 21 + -16. Suppose 3*b + b - 8 = 0. Let z(g) = 2*g - b*g - g + 1. Determine z(r).
-4
Let c(a) = a. Let s(w) = 4*w. Let b(i) = -9*c(i) + 2*s(i). Suppose 15 + 153 = -6*t. Let u = t - -26. Determine b(u).
2
Let d(v) = -2*v**3 + 4*v**2 - 2*v - 2. Suppose 0 = -4*s + 4, t - s + 6*s = -24. Let i be 1/(-5) + t/5. Let f be 2/i + 7/3. What is d(f)?
-6
Let c(x) be the third derivative of 1/12*x**5 + 0 + 5